{"id":16,"date":"2026-02-14T14:20:03","date_gmt":"2026-02-14T14:20:03","guid":{"rendered":"https:\/\/taxi-guiziou.com\/?page_id=16"},"modified":"2026-03-02T19:21:49","modified_gmt":"2026-03-02T19:21:49","slug":"home","status":"publish","type":"page","link":"https:\/\/taxi-guiziou.com\/","title":{"rendered":"Home"},"content":{"rendered":"\n<div class=\"wp-block-cover alignfull\" style=\"min-height:720px;aspect-ratio:unset;\"><span aria-hidden=\"true\" class=\"wp-block-cover__background has-background-dim-100 has-background-dim has-background-gradient\" style=\"background:linear-gradient(135deg,rgb(255,193,5) 14%,rgb(202,179,5) 100%)\"><\/span><div class=\"wp-block-cover__inner-container is-layout-flow wp-block-cover-is-layout-flow\">\n<div class=\"inherit-container-width wp-block-group alignwide is-layout-constrained wp-block-group-is-layout-constrained\">\n<div class=\"wp-block-media-text has-media-on-the-right is-stacked-on-mobile\" style=\"grid-template-columns:auto 23%\"><div class=\"wp-block-media-text__content\">\n<h1 class=\"wp-block-heading has-text-align-left has-white-color has-text-color\">T<strong>AXI SAINT-RENAN<\/strong><\/h1>\n\n\n\n<p class=\"has-white-color has-text-color\"> \u200bVotre partenaire transport en Finist\u00e8re Nord \u200bSi\u00e8ge social : 4 Villa Fleury, 29800 Saint-Divy \u200b<\/p>\n\n\n\n<p class=\"has-white-color has-text-color\"><strong>Une pr\u00e9sence locale, une mobilit\u00e9 sans limite.<\/strong><\/p>\n\n\n\n<p class=\"has-white-color has-text-color\">Bas\u00e9 \u00e0 Saint-Divy et rayonnant sur tout le secteur de Saint-Renan, je vous accompagne dans tous vos d\u00e9placements quotidiens, professionnels ou m\u00e9dicaux. \u200bQue vous soyez un particulier ou un professionnel, je dessert une large zone g\u00e9ographique pour r\u00e9pondre \u00e0 tous vos besoins. \u200b<\/p>\n\n\n\n<div class=\"wp-block-buttons is-layout-flex wp-block-buttons-is-layout-flex\">\n<div class=\"wp-block-button\"><a class=\"wp-block-button__link wp-element-button\" href=\"https:\/\/taxi-guiziou.com\/#contact\">R\u00e9server un taxi<\/a><\/div>\n\n\n\n<div class=\"wp-block-button\"><a class=\"wp-block-button__link wp-element-button\" href=\"tel:0619258198\">Appeler le 06 19 25 81 98<\/a><\/div>\n<\/div>\n<\/div><figure class=\"wp-block-media-text__media\"><img loading=\"lazy\" decoding=\"async\" width=\"683\" height=\"1024\" src=\"https:\/\/taxi-guiziou.com\/wp-content\/uploads\/2026\/02\/ChatGPT-Image-16-fevr.-2026-22_06_36-1-683x1024.png\" alt=\"\" class=\"wp-image-61 size-full\" srcset=\"https:\/\/taxi-guiziou.com\/wp-content\/uploads\/2026\/02\/ChatGPT-Image-16-fevr.-2026-22_06_36-1-683x1024.png 683w, https:\/\/taxi-guiziou.com\/wp-content\/uploads\/2026\/02\/ChatGPT-Image-16-fevr.-2026-22_06_36-1-200x300.png 200w, https:\/\/taxi-guiziou.com\/wp-content\/uploads\/2026\/02\/ChatGPT-Image-16-fevr.-2026-22_06_36-1-768x1152.png 768w, https:\/\/taxi-guiziou.com\/wp-content\/uploads\/2026\/02\/ChatGPT-Image-16-fevr.-2026-22_06_36-1.png 1024w\" sizes=\"auto, (max-width: 683px) 100vw, 683px\" \/><\/figure><\/div>\n<\/div>\n<\/div><\/div>\n\n\n\n<h2 class=\"wp-block-heading alignfull has-text-align-center has-ast-global-color-5-background-color has-background\" id=\"service\" style=\"padding-top:35px;padding-bottom:11px\"><strong>Nos services professionnels<\/strong><\/h2>\n\n\n\n<div class=\"wp-block-group alignfull has-ast-global-color-5-background-color has-background is-layout-constrained wp-container-core-group-is-layout-0c782f52 wp-block-group-is-layout-constrained\" id=\"about\" style=\"padding-top:35px;padding-bottom:34px\">\n<h2 class=\"wp-block-heading\" style=\"margin-top:0;margin-bottom:0;padding-top:0;padding-right:0;padding-bottom:0;padding-left:0\"><strong><strong>Taxi conventionn\u00e9 CPAM \u2013 Transport m\u00e9dical assis<\/strong><\/strong><\/h2>\n\n\n\n<div class=\"wp-block-media-text has-media-on-the-right is-stacked-on-mobile is-vertically-aligned-center\" style=\"grid-template-columns:auto 40%\"><div class=\"wp-block-media-text__content\">\n<div class=\"inherit-container-width wp-block-group is-layout-constrained wp-container-core-group-is-layout-47ce07ec wp-block-group-is-layout-constrained\" style=\"padding-right:80px\">\n<p>Nous assurons vos <strong>transports m\u00e9dicaux conventionn\u00e9s CPAM<\/strong> pour :<\/p>\n\n\n\n<ul class=\"wp-block-list\">\n<li>Consultations<\/li>\n\n\n\n<li>Examens m\u00e9dicaux<\/li>\n\n\n\n<li>Hospitalisations<\/li>\n\n\n\n<li>Centres de soins<\/li>\n<\/ul>\n\n\n\n<p>\ud83d\udca1 <strong>Aucune avance de frais<\/strong> (selon droits CPAM)<br>\ud83d\udca1 Chauffeur discret, ponctuel et habitu\u00e9 aux trajets m\u00e9dicaux<\/p>\n\n\n\n<p><strong>Taxi conventionn\u00e9 CPAM \u2013 Transport assis professionnel<\/strong><\/p>\n<\/div>\n<\/div><figure class=\"wp-block-media-text__media\"><img loading=\"lazy\" decoding=\"async\" width=\"450\" height=\"350\" src=\"https:\/\/taxi-guiziou.com\/wp-content\/uploads\/2026\/02\/2.png\" alt=\"\" class=\"wp-image-41 size-full\" srcset=\"https:\/\/taxi-guiziou.com\/wp-content\/uploads\/2026\/02\/2.png 450w, https:\/\/taxi-guiziou.com\/wp-content\/uploads\/2026\/02\/2-300x233.png 300w\" sizes=\"auto, (max-width: 450px) 100vw, 450px\" \/><\/figure><\/div>\n\n\n\n<h2 class=\"wp-block-heading\"><strong>Gares &amp; A\u00e9roports<\/strong><\/h2>\n\n\n\n<div class=\"wp-block-media-text is-stacked-on-mobile is-vertically-aligned-center\" style=\"grid-template-columns:40% auto\"><figure class=\"wp-block-media-text__media\"><img loading=\"lazy\" decoding=\"async\" width=\"450\" height=\"350\" src=\"http:\/\/taxi-guiziou.com\/wp-content\/uploads\/2026\/02\/1.png\" alt=\"\" class=\"wp-image-40 size-full\" srcset=\"https:\/\/taxi-guiziou.com\/wp-content\/uploads\/2026\/02\/1.png 450w, https:\/\/taxi-guiziou.com\/wp-content\/uploads\/2026\/02\/1-300x233.png 300w\" sizes=\"auto, (max-width: 450px) 100vw, 450px\" \/><\/figure><div class=\"wp-block-media-text__content\">\n<div class=\"inherit-container-width wp-block-group is-layout-constrained wp-container-core-group-is-layout-47ce07ec wp-block-group-is-layout-constrained\" style=\"padding-right:80px\">\n<p>Voyagez l\u2019esprit tranquille gr\u00e2ce \u00e0 nos <strong>liaisons directes et ponctuelles<\/strong> vers :<\/p>\n\n\n\n<ul class=\"wp-block-list\">\n<li><strong>A\u00e9roport Brest Bretagne<\/strong><\/li>\n\n\n\n<li><strong>Gare de Brest<\/strong><\/li>\n\n\n\n<li><strong>Gare de Landerneau<\/strong><\/li>\n<\/ul>\n\n\n\n<p>Nous suivons vos horaires de train et de vol pour garantir une <strong>prise en charge sans stress<\/strong>, m\u00eame t\u00f4t le matin ou tard le soir.<\/p>\n\n\n\n<p><strong>Transferts gares et a\u00e9roports toutes distances<\/strong><\/p>\n<\/div>\n<\/div><\/div>\n\n\n\n<h2 class=\"wp-block-heading\"><strong><strong><strong>Trajets toutes distances<\/strong><\/strong><\/strong><\/h2>\n\n\n\n<div class=\"wp-block-media-text has-media-on-the-right is-stacked-on-mobile is-vertically-aligned-center\" style=\"grid-template-columns:auto 40%\"><div class=\"wp-block-media-text__content\">\n<div class=\"inherit-container-width wp-block-group is-layout-constrained wp-container-core-group-is-layout-47ce07ec wp-block-group-is-layout-constrained\" style=\"padding-right:80px\">\n<p>Besoin d\u2019un taxi pour :<\/p>\n\n\n\n<ul class=\"wp-block-list\">\n<li>D\u00e9placements locaux<\/li>\n\n\n\n<li>Transferts r\u00e9gionaux<\/li>\n\n\n\n<li>Longues distances<\/li>\n<\/ul>\n\n\n\n<p>Nous assurons vos trajets <strong>dans le Finist\u00e8re et au-del\u00e0<\/strong>, avec un confort optimal et une conduite souple.<\/p>\n\n\n\n<p>\ud83d\udccd <strong>Taxi toutes distances \u2013 Bretagne &amp; r\u00e9gions voisines<\/strong><\/p>\n<\/div>\n<\/div><figure class=\"wp-block-media-text__media\"><img loading=\"lazy\" decoding=\"async\" width=\"450\" height=\"350\" src=\"https:\/\/taxi-guiziou.com\/wp-content\/uploads\/2026\/02\/Design-sans-titre-21.png\" alt=\"\" class=\"wp-image-42 size-full\" srcset=\"https:\/\/taxi-guiziou.com\/wp-content\/uploads\/2026\/02\/Design-sans-titre-21.png 450w, https:\/\/taxi-guiziou.com\/wp-content\/uploads\/2026\/02\/Design-sans-titre-21-300x233.png 300w\" sizes=\"auto, (max-width: 450px) 100vw, 450px\" \/><\/figure><\/div>\n<\/div>\n\n\n\n<div class=\"wp-block-group alignfull has-ast-global-color-4-background-color has-background is-layout-constrained wp-container-core-group-is-layout-6a2cfb7b wp-block-group-is-layout-constrained\" id=\"reviews\">\n<div class=\"wp-block-group alignfull has-ast-global-color-4-background-color has-background is-layout-constrained wp-container-core-group-is-layout-801fde95 wp-block-group-is-layout-constrained\" id=\"services\" style=\"margin-top:0;margin-bottom:0;padding-top:47px;padding-right:0;padding-bottom:0px;padding-left:0\">\n<h2 class=\"wp-block-heading has-text-align-center\" id=\"dispo\"><strong>Mise \u00e0 disposition &amp; \u00e9v\u00e9nements<\/strong><\/h2>\n\n\n\n<div class=\"wp-block-columns is-layout-flex wp-container-core-columns-is-layout-60cbf9bb wp-block-columns-is-layout-flex\" style=\"margin-top:50px\">\n<div class=\"wp-block-column is-layout-flow wp-container-core-column-is-layout-6b73ce23 wp-block-column-is-layout-flow\">\n<h3 class=\"wp-block-heading has-text-align-center\" style=\"margin-top:16px\"><strong>Solutions sur-mesure &amp; mise \u00e0 disposition<\/strong><\/h3>\n\n\n\n<p>Pour vos besoins sp\u00e9cifiques, nous proposons une <strong>mise \u00e0 disposition avec chauffeur<\/strong>, adapt\u00e9e \u00e0 chaque situation.<\/p>\n<\/div>\n\n\n\n<div class=\"wp-block-column is-layout-flow wp-container-core-column-is-layout-6b73ce23 wp-block-column-is-layout-flow\">\n<h3 class=\"wp-block-heading has-text-align-center\" style=\"margin-top:16px\">Mariage<\/h3>\n\n\n\n<p>Un service \u00e9l\u00e9gant et ponctuel pour votre mariage. Discr\u00e9tion, pr\u00e9sentation soign\u00e9e et respect du timing pour un jour sans stress.<\/p>\n<\/div>\n\n\n\n<div class=\"wp-block-column is-layout-flow wp-container-core-column-is-layout-6b73ce23 wp-block-column-is-layout-flow\">\n<h3 class=\"wp-block-heading has-text-align-center\" style=\"margin-top:16px\">D\u00e9placement pro<\/h3>\n\n\n\n<p>Un chauffeur fiable pour une <strong>image professionnelle irr\u00e9prochable<\/strong> pour vos d\u00e9placement professionnels et s\u00e9minaires.<\/p>\n<\/div>\n<\/div>\n<\/div>\n<\/div>\n\n\n\n<div class=\"wp-block-group alignfull has-ast-global-color-5-background-color has-background is-layout-constrained wp-container-core-group-is-layout-5f366fe1 wp-block-group-is-layout-constrained\" id=\"whyus\" style=\"padding-top:35px;padding-bottom:73px\">\n<h2 class=\"wp-block-heading has-text-align-center\" style=\"padding-top:var(--wp--preset--spacing--50);padding-bottom:var(--wp--preset--spacing--50)\"><strong>Pourquoi choisir Taxi Guiziou ?<\/strong><\/h2>\n\n\n\n<div class=\"wp-block-columns is-layout-flex wp-container-core-columns-is-layout-29aadeec wp-block-columns-is-layout-flex\" style=\"margin-top:60px\">\n<div class=\"wp-block-column is-layout-flow wp-container-core-column-is-layout-6b73ce23 wp-block-column-is-layout-flow\">\n<figure class=\"wp-block-image size-large\"><img decoding=\"async\" src=\"https:\/\/taxi-guiziou.com\/wp-content\/themes\/astra\/inc\/assets\/images\/starter-content\/passionate.svg\" alt=\"\" class=\"wp-image-162\"\/><\/figure>\n\n\n\n<h3 class=\"wp-block-heading\" style=\"margin-top:16px\">Conventionn\u00e9<\/h3>\n\n\n\n<p>\u2714 Taxi conventionn\u00e9 CPAM<br><br><\/p>\n<\/div>\n\n\n\n<div class=\"wp-block-column is-layout-flow wp-container-core-column-is-layout-6b73ce23 wp-block-column-is-layout-flow\">\n<figure class=\"wp-block-image size-large\"><img decoding=\"async\" src=\"https:\/\/taxi-guiziou.com\/wp-content\/themes\/astra\/inc\/assets\/images\/starter-content\/professional.svg\" alt=\"\" class=\"wp-image-163\"\/><\/figure>\n\n\n\n<h3 class=\"wp-block-heading\" style=\"margin-top:16px\">Discr\u00e9tion<\/h3>\n\n\n\n<p>\u2714 Chauffeur ponctuel &amp; professionnel<br>\u2714 V\u00e9hicule r\u00e9cent et confortable<\/p>\n<\/div>\n\n\n\n<div class=\"wp-block-column is-layout-flow wp-container-core-column-is-layout-6b73ce23 wp-block-column-is-layout-flow\">\n<figure class=\"wp-block-image size-large\"><img decoding=\"async\" src=\"https:\/\/taxi-guiziou.com\/wp-content\/themes\/astra\/inc\/assets\/images\/starter-content\/support.svg\" alt=\"\" class=\"wp-image-164\"\/><\/figure>\n\n\n\n<h3 class=\"wp-block-heading\" style=\"margin-top:16px\">Professionel<\/h3>\n\n\n\n<p style=\"margin-top:0;margin-bottom:0\">\u2714 Disponible 7j\/7<br>\u2714 R\u00e9servation simple et rapide<\/p>\n<\/div>\n<\/div>\n<\/div>\n\n\n\n<div class=\"wp-block-group alignfull has-ast-global-color-4-background-color has-background is-content-justification-center is-layout-constrained wp-block-group-is-layout-constrained\" id=\"reviews\">\n<p class=\"has-text-align-center\" style=\"padding-top:0;padding-bottom:0;font-size:22px;line-height:1.5\"><strong>Un v\u00e9hicule r\u00e9cent, confortable et discret<\/strong> <br>Vous voyagez \u00e0 bord d\u2019un <strong>Ford Kuga Gris Solar<\/strong><\/p>\n\n\n\n<figure class=\"wp-block-image aligncenter size-full is-resized is-style-rounded\"><img loading=\"lazy\" decoding=\"async\" width=\"1344\" height=\"768\" src=\"http:\/\/taxi-guiziou.com\/wp-content\/uploads\/2026\/02\/Gemini_Generated_Image_pio7vfpio7vfpio7.png\" alt=\"\" class=\"wp-image-38\" style=\"aspect-ratio:1.7500085449635985;width:408px;height:auto\" srcset=\"https:\/\/taxi-guiziou.com\/wp-content\/uploads\/2026\/02\/Gemini_Generated_Image_pio7vfpio7vfpio7.png 1344w, https:\/\/taxi-guiziou.com\/wp-content\/uploads\/2026\/02\/Gemini_Generated_Image_pio7vfpio7vfpio7-300x171.png 300w, https:\/\/taxi-guiziou.com\/wp-content\/uploads\/2026\/02\/Gemini_Generated_Image_pio7vfpio7vfpio7-1024x585.png 1024w, https:\/\/taxi-guiziou.com\/wp-content\/uploads\/2026\/02\/Gemini_Generated_Image_pio7vfpio7vfpio7-768x439.png 768w\" sizes=\"auto, (max-width: 1344px) 100vw, 1344px\" \/><\/figure>\n<\/div>\n\n\n\n<div class=\"wp-block-group alignfull has-background is-layout-constrained wp-container-core-group-is-layout-cfcca693 wp-block-group-is-layout-constrained\" id=\"contact\" style=\"background:linear-gradient(35deg,rgb(255,193,5) 57%,rgb(179,137,9) 100%);padding-top:104px;padding-bottom:104px\">\n<h2 class=\"wp-block-heading has-text-align-center has-text-color\" style=\"color:#ffffff;padding-top:var(--wp--preset--spacing--20);padding-bottom:var(--wp--preset--spacing--20)\"><strong>R\u00e9servez votre taxi d\u00e8s maintenant<\/strong><\/h2>\n\n\n\n<p class=\"has-ast-global-color-5-color has-text-color has-link-color wp-elements-7aff783bb43b7da1ee4ad7f2ece7fd74\">Besoin d\u2019un <strong>taxi conventionn\u00e9<\/strong>, d\u2019un <strong>transfert gare ou a\u00e9roport<\/strong>, ou d\u2019un <strong>trajet toutes distances<\/strong> ?<\/p>\n\n\n\n<p class=\"has-text-align-center has-ast-global-color-5-color has-text-color has-link-color wp-elements-4fa640a1cf640b19bad743b59a0a752b\"><strong>Contactez-nous d\u00e8s aujourd\u2019hui<\/strong> pour une prise en charge rapide et personnalis\u00e9e.<\/p>\n\n\n\n<div class=\"wp-block-buttons alignwide is-horizontal is-content-justification-center is-layout-flex wp-container-core-buttons-is-layout-bba8380a wp-block-buttons-is-layout-flex\" style=\"margin-top:50px\">\n<div class=\"wp-block-button\"><a class=\"wp-block-button__link wp-element-button\" href=\"tel:0619258198\">Appeler le 06 19 25 81 98<\/a><\/div>\n\n\n\n<div class=\"wp-block-button\"><a class=\"wp-block-button__link wp-element-button\" href=\"mailto:taxi-guiziou@gmail.com\">Par mail : taxi-guiziou@gmail.com<\/a><\/div>\n<\/div>\n<\/div>\n\n\n\n<p><\/p>\n","protected":false},"excerpt":{"rendered":"<p>Nos services professionnels Taxi conventionn\u00e9 CPAM \u2013 Transport m\u00e9dical assis Nous assurons vos transports m\u00e9dicaux conventionn\u00e9s CPAM pour : \ud83d\udca1 [&hellip;]<\/p>\n","protected":false},"author":1,"featured_media":0,"parent":0,"menu_order":0,"comment_status":"closed","ping_status":"closed","template":"","meta":{"site-sidebar-layout":"no-sidebar","site-content-layout":"plain-container","ast-site-content-layout":"default","site-content-style":"default","site-sidebar-style":"default","ast-global-header-display":"","ast-banner-title-visibility":"","ast-main-header-display":"","ast-hfb-above-header-display":"","ast-hfb-below-header-display":"","ast-hfb-mobile-header-display":"","site-post-title":"disabled","ast-breadcrumbs-content":"","ast-featured-img":"","footer-sml-layout":"","ast-disable-related-posts":"","theme-transparent-header-meta":"enabled","adv-header-id-meta":"","stick-header-meta":"","header-above-stick-meta":"","header-main-stick-meta":"","header-below-stick-meta":"","astra-migrate-meta-layouts":"default","ast-page-background-enabled":"default","ast-page-background-meta":{"desktop":{"background-color":"var(--ast-global-color-5)","background-image":"","background-repeat":"repeat","background-position":"center center","background-size":"auto","background-attachment":"scroll","background-type":"","background-media":"","overlay-type":"","overlay-color":"","overlay-opacity":"","overlay-gradient":""},"tablet":{"background-color":"","background-image":"","background-repeat":"repeat","background-position":"center center","background-size":"auto","background-attachment":"scroll","background-type":"","background-media":"","overlay-type":"","overlay-color":"","overlay-opacity":"","overlay-gradient":""},"mobile":{"background-color":"","background-image":"","background-repeat":"repeat","background-position":"center center","background-size":"auto","background-attachment":"scroll","background-type":"","background-media":"","overlay-type":"","overlay-color":"","overlay-opacity":"","overlay-gradient":""}},"ast-content-background-meta":{"desktop":{"background-color":"var(--ast-global-color-4)","background-image":"","background-repeat":"repeat","background-position":"center center","background-size":"auto","background-attachment":"scroll","background-type":"","background-media":"","overlay-type":"","overlay-color":"","overlay-opacity":"","overlay-gradient":""},"tablet":{"background-color":"var(--ast-global-color-4)","background-image":"","background-repeat":"repeat","background-position":"center center","background-size":"auto","background-attachment":"scroll","background-type":"","background-media":"","overlay-type":"","overlay-color":"","overlay-opacity":"","overlay-gradient":""},"mobile":{"background-color":"var(--ast-global-color-4)","background-image":"","background-repeat":"repeat","background-position":"center center","background-size":"auto","background-attachment":"scroll","background-type":"","background-media":"","overlay-type":"","overlay-color":"","overlay-opacity":"","overlay-gradient":""}},"footnotes":""},"class_list":["post-16","page","type-page","status-publish","hentry"],"_links":{"self":[{"href":"https:\/\/taxi-guiziou.com\/index.php\/wp-json\/wp\/v2\/pages\/16","targetHints":{"allow":["GET"]}}],"collection":[{"href":"https:\/\/taxi-guiziou.com\/index.php\/wp-json\/wp\/v2\/pages"}],"about":[{"href":"https:\/\/taxi-guiziou.com\/index.php\/wp-json\/wp\/v2\/types\/page"}],"author":[{"embeddable":true,"href":"https:\/\/taxi-guiziou.com\/index.php\/wp-json\/wp\/v2\/users\/1"}],"replies":[{"embeddable":true,"href":"https:\/\/taxi-guiziou.com\/index.php\/wp-json\/wp\/v2\/comments?post=16"}],"version-history":[{"count":16,"href":"https:\/\/taxi-guiziou.com\/index.php\/wp-json\/wp\/v2\/pages\/16\/revisions"}],"predecessor-version":[{"id":76,"href":"https:\/\/taxi-guiziou.com\/index.php\/wp-json\/wp\/v2\/pages\/16\/revisions\/76"}],"wp:attachment":[{"href":"https:\/\/taxi-guiziou.com\/index.php\/wp-json\/wp\/v2\/media?parent=16"}],"curies":[{"name":"wp","href":"https:\/\/api.w.org\/{rel}","templated":true}]}}